 = 40*w + 10. Let d(y) = -10*a(y) - l(y). Calculate d(-2).
20
Let o(h) be the second derivative of h**5/20 + 13*h**4/12 + h**3/6 + 9*h**2 + 4*h. Determine o(-13).
5
Let b = 3 + -8. Let a(d) be the first derivative of -d**4/4 - 2*d**3 - 4*d**2 - 4*d - 31. Calculate a(b).
11
Let m(k) = -k**2 - 10*k - 3. Let u = 142 - 151. Give m(u).
6
Let a(u) = 3*u**2 + 3*u - 6. Let z(r) = 4*r**2 + 2*r - 4. Let j(q) = -5*a(q) + 4*z(q). Give j(4).
2
Let l(b) = -b**2 + 4*b + 3. Let h be l(-2). Let d = 13 + h. Let g(s) = -5*s - 5*s - 8*s - 2*s + 18*s. Calculate g(d).
-8
Let p be (2/(-4)*6)/1. Let h be 4/24*-3*-6. Let t(z) = 0 - 6*z**2 + z**3 - 2 + 10*z**2 + h*z. What is t(p)?
-2
Let o(t) be the first derivative of -t**3/3 + 15*t**2/2 - 10*t + 312. Calculate o(13).
16
Let w = 179 - 171. Let c(x) = x**3 - 7*x**2 - 7*x + 1. Determine c(w).
9
Let m(f) be the second derivative of -f**4/12 + f**3 + 5*f**2 - 376*f. What is m(7)?
3
Let y(k) = k**3 + 17*k**2 + 19*k + 40. Let l = 1844 + -1860. Give y(l).
-8
Let t(l) = -l**2 - 6*l + 1. Let g(s) = 4*s**2 + 25*s - 1. Let n(c) = 2*g(c) + 9*t(c). What is n(-5)?
2
Let i(l) be the third derivative of -l**5/60 - l**4/24 + 4*l**2. Let d be 28/6 + (-1)/(-3). Suppose d*q + 30 = 2*z, z + 3*z - 12 = -2*q. Give i(q).
-12
Let i be (-2 - -7)*(-3 - -2). Let y(r) = -4*r**2 + 3*r + 8. Let t(a) = 3*a**2 - 3*a - 7. Let j(d) = i*y(d) - 6*t(d). Give j(-3).
11
Let r(p) = 6*p**3 - 5*p**2 - 4*p + 4. Let i(o) = o**3 - o**2 - o. Let l(b) = -5*i(b) + r(b). Let g be l(-2). Let t(z) = -z**2 - 6*z - 2. Give t(g).
-2
Let h(u) = 19*u - 36. Let g be h(2). Let p(n) be the second derivative of 1/3*n**3 + 7*n + 0 - 3*n**g. Calculate p(4).
2
Let b(v) = -v**2 + 9*v - 3. Suppose -3*p + 119 = 89. Calculate b(p).
-13
Let r be 2/(-4)*0 - -2. Let z(s) = -25 + r*s + 20 - 3*s. Let a(h) = h**2 + 2*h - 9. Let f be a(-5). Determine z(f).
-11
Suppose -3*q - 40 = -7*w + 2*w, -3*w + 5 = 2*q. Let u(d) = -d**2 - 10*d + 2. Give u(q).
27
Let d(k) = -7*k - 9. Suppose 10*f + 287 - 267 = 0. Give d(f).
5
Let v(u) = u + 4. Let b be v(2). Suppose -b*r - 41 = 1. Let f(i) = 21*i - 10*i - 12*i. Give f(r).
7
Suppose -5*h = 4*z - 10 + 27, 14 = -3*z - 4*h. Let y(n) be the first derivative of 1/2*n**z - 1/3*n**3 - 1/4*n**4 + 2 - 2*n. Give y(-2).
0
Let r(y) = y**2 + 12*y + 21. Suppose 21*p + 3*p = -216. What is r(p)?
-6
Let y(v) be the first derivative of v**3/3 - 4*v**2 - v - 35. Let o(p) = p**2 - 8*p - 1. Let a(t) = -4*o(t) + 3*y(t). Determine a(6).
13
Let v(c) = -c**3 - 3*c**2 + 2*c - 2. Let z be v(-4). Let t(f) = -2*f - 1. Calculate t(z).
-13
Let d(t) be the first derivative of t**5/60 - t**4/24 + 2*t**3/3 + 8*t**2 - 3. Let w(m) be the second derivative of d(m). Give w(0).
4
Let t = -134 - -137. Let n(s) = s**3 - s**2 - 4*s. What is n(t)?
6
Let i(a) = 12 - 32 - 2*a**2 + 16 - 2*a. What is i(-4)?
-28
Let z(d) = -d + 4. Let x(l) be the second derivative of -1/3*l**3 + 2*l + 1/12*l**4 + 0 - 3/2*l**2. Let n be x(0). Give z(n).
7
Let t(l) = -14*l**2 - 1. Suppose -3*c - r - 97 = -89, 2*c - r - 3 = 0. Determine t(c).
-15
Let f(j) = j**3 + 2*j**2 - 3*j + 3. Suppose -25 = -3*t + 29. Suppose 2*z - t = -2. Suppose -z = 4*x + 4. Give f(x).
3
Let g(o) = 3*o + 16. Let d(r) = r + 3. Let t(v) = -4*d(v) + g(v). What is t(3)?
1
Let i(k) = k + 16. Suppose -3*c + 143 - 179 = 0. Calculate i(c).
4
Let u(x) = -3*x + 4. Let f = 137 + -29. Let s = f + -113. Determine u(s).
19
Let z be 12 - 30/(-6) - (-8)/(-2). Let f(u) = -u**2 + 12*u + 2. Determine f(z).
-11
Let r(v) = -3*v**2 - 39*v - 64. Let d(s) = 10*s**2 + 119*s + 193. Let w(q) = -2*d(q) - 7*r(q). What is w(-33)?
-4
Let g(u) = -3*u + 5. Let f be g(8). Let m = f + 32. Let o = -10 + m. Let z(d) = d**3 - 5*d**2 + 5*d - 2. Calculate z(o).
-5
Let b = -10 + 12. Let v(m) be the first derivative of -5 - 6*m + 0 + b*m**2 - m**2 + m**2. Determine v(4).
10
Let k(a) be the first derivative of a**3/6 - 3*a**2 - 23*a - 59. Let l(d) be the first derivative of k(d). Suppose -b + 2 = 0, 5*q = -0*b - 4*b + 28. Give l(q).
-2
Let r(m) = 1. Let j(z) = -z + 2. Let w(f) = -j(f) - r(f). Let t be -6*(-2 - 0)/2. Determine w(t).
3
Suppose 5*l - 3*l + 5*a - 13 = 0, 15 = 5*a. Let d(m) = 1 + 3*m - 3*m + 2*m + 12*m**2. Determine d(l).
11
Let x(i) = -i - 8. Let b be ((-3)/6)/((-4)/368). Let r be -2 - b/11 - 6/(-33). What is x(r)?
-2
Let p(w) = w**2 + 4*w - 4. Let q be (-105)/(-14)*20/25. What is p(q)?
56
Let g(y) be the second derivative of y**3/6 - 9*y**2/2 + 6*y. Let p be 0 + 3 - (5 + -2). Suppose -5*t + p*t = 0. Calculate g(t).
-9
Let t = -4 - -3. Let p(n) = 7*n + 7. Let x(b) = 1. Let s(h) = -1. Let l(a) = 3*s(a) + 4*x(a). Let u(w) = -6*l(w) + p(w). What is u(t)?
-6
Suppose 81 = -2*s + 19. Let t = s - -38. Let a(p) = -p**2 + 6*p + 3. Determine a(t).
-4
Let p(w) = w**2 - 8*w + 5. Let q be p(6). Let c(t) = t - 1. Let g(a) = -7*a + 13. Let z(h) = -8*c(h) - g(h). Calculate z(q).
2
Let f(g) be the first derivative of -g**4/4 - 7*g**3/3 - 2*g**2 + 5*g + 1. Let a = 1584 + -1590. What is f(a)?
-7
Let s(g) be the third derivative of -g**5/12 + g**4/24 - 2*g**2 - 18. Calculate s(-1).
-6
Let k(l) = l**3 - 8*l**2 + 6*l + 8. Suppose -10*b + 14*b = 28. Let d be (3 + (-20)/5)*-1*b. Determine k(d).
1
Let f(s) = s**2 - 2*s + 6. Let z be (4/(-3))/((-10)/120*4). Calculate f(z).
14
Let t(r) = 11*r - 10. Let z(f) = 27*f - 20. Let m(q) = -5*t(q) + 2*z(q). What is m(0)?
10
Let o(f) = -f**2 - 5*f. Let g = 152 - 156. Give o(g).
4
Let l(r) = 7*r**2 + 2*r + 3. Let t(n) = 8*n**2 + 3*n + 4. Let x(d) = -3*l(d) + 2*t(d). Suppose h - 3*u = -2*h - 9, 3*h - 5*u = -17. Determine x(h).
-6
Let m(g) = g**3 + 8*g**2 + 3*g + 10. Suppose -l + 3*f - 13 = -2*f, 0 = -5*f + 5. Calculate m(l).
-14
Let q(s) = 10 - s**3 - 10*s - 3 + 9*s**2 + 0*s**3. Let g be -4*(3 + (-25)/5). What is q(g)?
-9
Suppose 0 = -3*i + 12, 6 = 5*a - 2*a + 3*i. Let g(k) = -3*k + 2. Let c = -48 - -44. Let o(p) = -1. Let l(n) = c*o(n) - g(n). Determine l(a).
-4
Let z(w) = w - 6*w**2 + 0*w - 7*w**2 - 4*w**2 + 21*w**2. Determine z(1).
5
Let p be (-13 - -10)*(-1 + 0). Let j(t) = -2*t + 0*t**2 - p*t + t**2 - 2*t**2 + 6. Let u be (-6)/(-8)*16/(-2). Determine j(u).
0
Let j(z) be the first derivative of z**6/180 + z**5/30 - z**3/3 + 14. Let o(f) be the third derivative of j(f). Give o(-3).
6
Let m(q) be the second derivative of -q**4/6 - 8*q**3/3 - 3*q**2/2 + q - 99. Calculate m(-8).
-3
Let d(c) = 3*c - 36. Suppose -2*y = -3*u + 3*y + 54, 0 = -u + 2*y + 18. Give d(u).
18
Suppose -9*u - 14 = -2*u. Let f(o) be the third derivative of -o**6/720 - o**5/120 + o**4/12 + 3*o**2. Let i(y) be the second derivative of f(y). What is i(u)?
1
Suppose -10*c - 3*j = -5*c, 0 = -5*c - 2*j + 5. Let d(f) = 6*f + 1. Determine d(c).
19
Let h(b) = 16 - 43 + 19*b**2 + 9 + 15 - 3*b**3 + 4 - 6*b. Give h(6).
1
Let v be 2/(-6) - -6*55/(-90). Let l(b) = -9*b + 7*b + 5*b. Determine l(v).
-12
Let j(i) = -2*i + 5. Let n(z) = -z**3 - 4*z**2 + 11*z - 1. Suppose 2*u + 0*u + f = -9, 2*u + 18 = 2*f. Let v be n(u). Give j(v).
-5
Let p(f) = -f + 3. Let q(a) = 17*a + 6. Let s be q(2). Suppose 20 = 36*o - s*o. Calculate p(o).
8
Let r = 13 + -12. Let p(x) = 3*x**3 - x**2 + 4*x - 2. Let l be p(r). Let w(i) = -2 + 7 + 4*i + 3*i - l*i. What is w(-4)?
-7
Let i(w) = 36881*w - 17*w**2 - 2 - 36883*w + 3. What is i(1)?
-18
Let o(z) = z**3 + 7*z**2 + 6*z - 7. Let y(b) = 19*b - 82. Let a be y(4). Determine o(a).
-7
Let d(w) be the first derivative of -w**3/3 - 3*w**2 - 2*w - 137. Calculate d(-7).
-9
Let i = -6 - -7. Let j be -15 + 10 + 4/i. Let d(k) be the second derivative of k**4/12 - k**2/2 + 19*k. What is d(j)?
0
Let j(r) = -6*r - 6. Let h(s) = 8*s + 8. Let g(x) = 4*h(x) + 5*j(x). Determine g(1).
4
Let p(a) = 65*a + 911. Let s be p(-14). Let j(g) be the second derivative of g + 0 - 1/12*g**4 + 1/6*g**3 + 0*g**2. Give j(s).
0
Let q(r) = r - 6. Suppose 8*h + 85 - 37 = 0. What is q(h)?
-12
Let m be 0 + -1 + 4/4. Suppose 6*w - 7*w + 7 = m. Let c be (-8)/28 + 2/w. Let s(i) = -i**3 + i**2 + 4. Calculate s(c).
4
Let m = -163 + 152. Let j(t) = t + 8. Give j(m).
-3
Suppose -182 = -7*b - 7*b. Let z(l) = l**2 - 12*l - 5. Determine z(b).
8
Let o(y) = y**2 - 3. Suppose 0 = -2*q + 2*t - 7 - 5, -5*q - 5*t = 0. Calculate o(q).
6
Let z(p) be the first derivative of -9*p**2/2 + 4*p + 750. Determine z(-6).
58
Let k(c) = 5*c + 20. 